(-1)/c + p - 0. What is z(a)?
-1
Suppose -7*f + 2 - 44 = 0. Let i be 3*(3 + f + 1). Let y(b) = b**3 + 5*b**2 - 6*b + 2. Give y(i).
2
Let x(f) be the first derivative of f**2 - f - 84. Determine x(-2).
-5
Let k(j) be the second derivative of -j**3/2 - j**2/2 + 89*j. Determine k(-6).
17
Let p be 4/(-8)*(-1 + -3). Let f(a) = -3*a**2 + 7 + 3*a**2 + a**p. Let u = -121 + 121. Calculate f(u).
7
Let i(y) = y**2 - 6*y + 4. Let b be (0 - 9)*(70/(-15))/7. Determine i(b).
4
Let j(s) = -13*s**2 + 73*s + 56. Let y(u) = -7*u**2 + 41*u + 28. Let x(o) = 6*j(o) - 11*y(o). Give x(-15).
-2
Let y = -84 + 82. Let s(c) = -5*c**2 + 2*c + 2. What is s(y)?
-22
Let w(y) = -3*y + 135*y**2 + 153*y**2 - 289*y**2 + 1. Calculate w(-2).
3
Let y(q) be the third derivative of -q**6/120 - q**5/12 - q**4/24 - q**3/3 - 28*q**2. What is y(-5)?
3
Let h(a) = -a**3 - a**2 + a + 2. Suppose 2*j + 17 = -27. Let n = -24 - j. What is h(n)?
4
Let b(l) be the second derivative of -l**4/12 - 13*l**3/6 - 19*l**2 + 119*l. Determine b(-9).
-2
Let a(s) be the first derivative of s**3/3 + s**2 + s + 467. Determine a(-1).
0
Suppose 0 = 3*c - 5*a - 6, -16 = -c - 3*a - 0. Suppose 6*w = 5 + c. Let m(o) = 2*o - o - w + 6*o**3 + 3 + o**2 - 5*o**3. Determine m(0).
1
Let k be (-5)/(-15) + (-58)/(-6). Let q(a) = -k - 5 + a + 12. Give q(4).
1
Let u(t) = 15 + 1760*t - 3517*t + 1755*t. What is u(11)?
-7
Let b(l) = -7*l**2 + 26*l**2 - 5*l - 5*l**2 - 2 - 13*l**2. Give b(5).
-2
Let h(y) = -y**2 - 6*y - 6. Let u(o) be the second derivative of 1/20*o**5 - 5*o - 1/12*o**4 - 5/2*o**2 + 0 + 1/6*o**3. Let m be u(0). Calculate h(m).
-1
Let x be 0 - ((-4 - -2) + -1). Let a(c) = 27 - 4*c + x*c + 29 - 55. Let r be 3*1*(1 - -1). What is a(r)?
-5
Suppose -2*p + 3*p = 3*p. Suppose -3*z + 6*z = -9. Let l be p - z/(-15)*5. Let r(i) = -18*i**3 - i. What is r(l)?
19
Suppose -36 = -3*p - 9. Let c(z) = 148*z - 54*z - 48*z + 104*z**2 - 56*z - 2 - 103*z**2. Determine c(p).
-11
Let q(t) = 4*t + 7. Let j(d) = d + 2. Let k(g) = 22*j(g) - 6*q(g). Let u be k(3). Let n(b) = 4*b**2 + 0*b**3 + b**3 - 6 - 3*b + 1. Determine n(u).
7
Let f be (-1 - 0)*(-12)/(4 + -1). Let h be (12*(-5)/(-40))/(3/f). Let i(c) = 5*c - 1. Let a(j) = 6*j - 1. Let w(x) = 6*a(x) - 7*i(x). Determine w(h).
3
Let i be 1 + -1 - 196/(-49). Let j(z) = z**2 - 7*z + 10. Calculate j(i).
-2
Let l(s) = -8 + 0 - 1 - 2*s. Let g be (-10)/75 - (2/(-6) + (-372)/(-60)). Determine l(g).
3
Let q(s) = 25*s + 93 - 4*s - 43 - s**2. Let j be q(23). Let w(a) = a - 4. Calculate w(j).
0
Suppose 85*v + 12 = 97*v. Let i = -11 + 5. Let t(w) = w + 5. Let y(x) = 2*x + 9. Let f(j) = i*y(j) + 11*t(j). What is f(v)?
0
Let a(j) = j + 2. Let k be -3 + 6 + -33 - 3. Let r = -34 - k. Let u be (0 - r)/((-1)/3). Give a(u).
-1
Let j(o) = 15*o**2 - 2*o - 2. Suppose -8*f = -66 + 74. What is j(f)?
15
Suppose 0 = 12*z + 629 - 1613. Let h = z - 87. Let b(l) = 5*l - 3*l**2 + l + 4*l**2 - 2. Determine b(h).
-7
Let p(o) = o**3 - 3*o**2 + 2*o + 2. Let u be p(2). Suppose -u*t - 5*w + 14 = 0, -4*w = 2*t + t - 14. Let f(j) = 3 - 2 + 0 + t + j. Determine f(-5).
-2
Suppose -4*r = r. Let u(q) = 4*q**3 - 4*q**2 - q + 22. Let w(j) = -j**3 + j**2 - 1. Let h(a) = u(a) + 5*w(a). What is h(r)?
17
Suppose 0 = v - i - 9 - 0, -v + 1 = -3*i. Let a(d) = d**2 - 10*d - 33. Calculate a(v).
6
Let m(g) be the third derivative of -7*g**5/60 + 35*g**4/24 - g**3/2 - 530*g**2. Give m(5).
-3
Let x(i) = -i**3 + 2*i**2 + 3*i + 1. Let q(p) = -p**2 + 2*p + 11. Let w be q(4). Determine x(w).
1
Suppose 4*v + 8 = -4*u, 2*u - 6*v = -v + 3. Let s = 0 + u. Let j(l) = l**2 - 2*l + 11. Let f(p) = p**2 - p + 7. Let m(y) = -8*f(y) + 5*j(y). What is m(s)?
-2
Let w(c) be the third derivative of c**4/12 - c**3/3 + 7*c**2. Let x(z) = 1. Let r(m) = w(m) + 3*x(m). What is r(-5)?
-9
Suppose 0 = -35*q - 2*q + 74. Let t(a) = 24*a - 2. Calculate t(q).
46
Let b(y) = -y**2 - 4*y - 2. Let v be 4/4 + -5 - -7. Suppose v*a + 20 = -a. Calculate b(a).
-7
Suppose 5*p - 8 = c, -2*c = -4*p + 2*c. Let m(r) = r**2 + p*r**2 + 2 + 4*r - 9*r - 2*r**2. Suppose -16 = -5*j - 2*y, 2*y = 5*j - 0*y - 24. Determine m(j).
-2
Let t(f) = 36*f**2 - 4*f - 7. Let g(u) = 36*u**2 - 5*u - 9. Let r(k) = -4*g(k) + 5*t(k). Calculate r(1).
37
Let k be 9*(-3 - (-7 + 3)). Let r(f) = 2*f**2 - 15*f + 9. Let s(a) = a**2 - 8*a + 5. Let g(j) = 2*r(j) - 5*s(j). Determine g(k).
2
Let x be (-14 - -13)*(-3)/60. Let w(g) be the second derivative of x*g**5 + 0 + g**3 + 1/2*g**4 + 7/2*g**2 - 2*g. What is w(-5)?
2
Let v(b) be the third derivative of -21*b**2 + 0*b - 1/24*b**4 + 1/6*b**3 + 0 - 1/60*b**5. What is v(-1)?
1
Let q(m) = -15*m - 222. Let a(f) = f + 14. Let u(d) = 33*a(d) + 2*q(d). What is u(-10)?
-12
Let g(r) be the first derivative of -r**7/840 - 7*r**6/360 - 3*r**5/40 - 3*r**4/8 + 11*r**3 + 38. Let n(d) be the third derivative of g(d). What is n(-6)?
9
Let o(m) = m**3 + 12*m**2 - 12*m + 16. Suppose l - 10 + 40 = -2*w, 2*l + 8 = 0. Let d be o(w). Let t(z) = 17*z**d + 15*z**3 + 6 + 7*z**2 - 33*z**3. Give t(7).
6
Let i(d) = -d**3 + 8*d**2 - d + 8. Let w be i(8). Let j(q) = w*q + 6*q - 4*q - 4 - 3*q. Suppose 0 = 3*u - 5*k + 27, 0 = 4*u - 0*u + 4*k + 4. Calculate j(u).
0
Let h(w) = -4*w**2 + 2*w - 2. Let q(s) = -4*s**2 + 2*s - 3. Let r(b) = -4*h(b) + 3*q(b). Suppose -5*i - 5*z = -21 + 11, -4*i + 8 = -3*z. Determine r(i).
11
Let y(q) = q**2. Let w(p) = -p**2 - p + 2. Let k(h) = w(h) - 2*y(h). Suppose -4 + 16 = 3*a. Let o be 2/4*(a + -8). What is k(o)?
-8
Let u = -605 - -611. Let x(a) = a**2 - 2*a + 3. What is x(u)?
27
Suppose -6*u + 35 = 23. Suppose 0 = j - 2*l + 10, 2*l - u - 8 = -3*j. Let h(t) = t**2 + 18. Determine h(j).
18
Let r(j) = -2*j**2 + 6*j - 5. Let t(a) = -10*a + 59. Let m be t(7). Let l(c) = -c**2 - 13*c - 17. Let b be l(m). Determine r(b).
-25
Let i be (427/(-183))/((-1)/3). Let k be 1 + 0 + 0/2. Let t(z) = k - 3*z - z**2 - 2*z + i*z. Determine t(-1).
-2
Let o(m) = m**3 + 2 + 4*m - 6*m + 2*m**2 - m. Let z = 134 + -137. What is o(z)?
2
Let y(g) = -8*g**2 + 65*g - 5. Let z be y(8). Let p(b) = 5*b - 2. Determine p(z).
13
Let x(j) = -j**3 - 2*j**2 - 2*j - 2. Let h = 100 - 88. Suppose 4 - h = 4*w. Give x(w).
2
Let z(j) = j**2 + 8*j + 2. Let g be z(-7). Let l(d) = 3*d + 3. Let h(r) = -r - 1. Let a be (-9)/((-60)/48*2/(-5)). Let q(k) = a*h(k) + g*l(k). Determine q(-2).
-3
Let l(q) be the second derivative of -q**5/20 - 2*q**4/3 + 5*q**2/2 + 45*q + 2. Calculate l(-8).
5
Suppose 2*p + 0 = -6, 3*i - p = 69. Let j(o) = o**3 + 3*o + i - 4*o**2 - 22. Determine j(2).
-2
Let s(u) = 7*u - 6*u**2 - 5*u**2 + 21*u**2 - 9*u**2 - 12 + 2. What is s(-8)?
-2
Let z(t) = -21 + 3*t + 12*t**2 - 3*t**2 + 12*t - 7*t**2 - t**2. Determine z(-16).
-5
Let g(w) = 0 + 4*w - 2*w**2 + 7*w**2 + 0*w**2 + 4 - w**2. Give g(-2).
12
Suppose 2*m + 12 = -2*b - 4, -m + b - 6 = 0. Let g be 9*2/(-18)*-3. Let u(o) = 4 - 6*o**2 + 6*o - 4 - o**g - 2. Give u(m).
5
Let j(c) be the first derivative of -c**4/4 - 2*c**3/3 + c**2/2 + 8. Calculate j(1).
-2
Let t(s) = -27*s + 78*s - 24*s + 2 - 18*s - 16*s. What is t(0)?
2
Let k(u) = -6*u**3 + 8*u**3 - 3*u**3 + 5 + 11*u**2. What is k(11)?
5
Let f = 1652 - 1651. Let s(n) = -n**3. What is s(f)?
-1
Let j(u) = u - 5. Suppose 5*g + 98 = -2*c, 2*g - 6*c = -c - 16. Let i be (9/(-6))/(-1)*16. Let p = i + g. Determine j(p).
1
Suppose 5*g + 3*s + 43 = 4*s, -4*g = 2*s + 26. Let i(y) = -y**2 - 4*y + 1. What is i(g)?
-31
Suppose 0*k = -4*k + 8. Let m(g) = -6*g + 5. Let a be m(k). Let o(n) = n**3 + 8*n**2 + 6*n. Let h be o(a). Let w(p) = -p**2 + 7*p + 8. Determine w(h).
8
Let j(p) be the third derivative of -5*p - 2/3*p**3 + 1/12*p**5 - 1/8*p**4 - 1/120*p**6 - p**2 + 0. Determine j(3).
5
Suppose -i - r + 31 = 0, r = 3*i + 2*r - 85. Let p = -23 + i. Suppose -l = p*l. Let k(o) = -o**3 + o**2 + o - 5. Calculate k(l).
-5
Let d(n) = n**2 - 4*n - 3. Suppose 2*f = 4*p - 10, 2*f + 4 + 6 = -5*p. Let y be (1 - (p - 0))*-1. Let v be d(y). Let o(c) = -c**2 + c. Calculate o(v).
-2
Let k = 25 - 21. Suppose 4*z + 20 = 0, k*z + 55 = 5*h + z. Let g(u) = u**2 - 2*u - 3*u - 7 + h*u + 2*u. Determine g(-6).
-1
Suppose -4*i + i + 29 = -4*b, 0 = 3*b + 15. Let k(d) be the third derivative of d**5/60 - d**4/4 + d**3/2 - 2*d**2. What is k(i)?
-6
Let i(c) be the third derivative of c**6/120 - c**5/6 + c**4/12 - 7*c**3/3 + 79*c**2. Determine i